Let l be z(1). What are the prime factors of t(l)?
3
Suppose -5*k + 7*z = 3*z + 1866, 3*k + 2*z + 1124 = 0. Let b = k + 750. What are the prime factors of b?
2, 47
Let w = -27 + -21. Let b = w + 90. What are the prime factors of b?
2, 3, 7
Suppose 224*z = -3661681 + 19149041. What are the prime factors of z?
2, 5, 3457
Let i(z) = 0*z - 11 - 36 + 3*z + 2*z. Let x be i(12). Suppose -x*v + 2655 = 289. What are the prime factors of v?
2, 7, 13
Let i(p) be the second derivative of p**5/10 - 23*p**4/12 - 10*p**2 - 58*p. List the prime factors of i(12).
2, 31
Let x be 1426/8 + (-7)/28. Let k = 627 - x. What are the prime factors of k?
449
Let y(w) = -w**3 - 5*w**2 + w - 12. Let i be y(-7). Suppose 0 = -60*q + 61*q - i. Let l = 167 + q. What are the prime factors of l?
2, 3, 41
Let l(y) = -3*y**3 + 16*y**2 - 8*y + 20. Let n be l(5). Let a = -2 + 2. Suppose 67 = g - n*z, a*z - 89 = -2*g + z. List the prime factors of g.
2, 3, 7
Suppose -5*g - 852 = -8*g. Suppose 5*n = -2*a + g, 3*n = 3*a - 6*a + 174. List the prime factors of n*(-6 - -8 - (-2)/(-4)).
2, 3, 7
Let c(n) = 76*n + 123. Let y(r) = 24*r + 41. Let t(k) = -3*c(k) + 8*y(k). Suppose -3*p - 4 = 2*b + 10, 4*p - 4*b + 12 = 0. List the prime factors of t(p).
103
Let o(v) = v**3 + 11*v**2 - 7*v - 6. Let r be 2 + 0 + 3/9*3. Suppose 7 + 3 = 2*q, -5*q = 2*t - r. What are the prime factors of o(t)?
71
Let q = 173 + 0. Suppose -3*x + q + 165 = 5*g, -160 = -2*g + 5*x. List the prime factors of g.
2, 5, 7
Let r = 53158 + -10742. List the prime factors of r.
2, 11, 241
Let x = 45 + -61. Let m be (-8)/x - (-26)/4. Suppose 5*d + 2*s + 96 = m*d, 0 = -2*d - s + 87. What are the prime factors of d?
3, 5
Let z(p) = 5*p + 5. Let d be z(-4). List the prime factors of (-220)/8*((-144)/d)/(-4).
2, 3, 11
Let t(k) = 35*k**2 - 98*k + 15. What are the prime factors of t(16)?
3, 823
Let r = 379 + -224. Suppose -3*i + 306 = -2*n, -3*i + 109 = -2*i - 3*n. Let k = r - i. What are the prime factors of k?
5, 11
Suppose 12 = -2*d, 0 = b - 39*d + 34*d - 12201. List the prime factors of b.
3, 4057
Suppose -133*w + 2689503 = 52379. List the prime factors of w.
2, 4957
Let v be (1 - 1481)*-1 - (-6)/(-3). Let c = v - 910. List the prime factors of c.
2, 71
Let r = -57 + 166. Suppose -o + s + r = 3*s, -2*o + s + 218 = 0. What are the prime factors of o?
109
Let a(h) = -h - 164. Let c be a(24). Suppose 5*n - u + 6*u + 295 = 0, -12 = 3*u. Let i = n - c. List the prime factors of i.
7, 19
Let q(c) = 14*c - 10. Let m(v) = 12*v - 11. Let g(p) = -3*m(p) + 4*q(p). Suppose 4*b - 11 = 13. What are the prime factors of g(b)?
113
Let w be (-15)/2 + 1/2. Let l be 0/1*(1 - w/(-14)). Suppose l = -31*z + 34*z - 306. What are the prime factors of z?
2, 3, 17
Let n(b) = b**3 + 41*b**2 - 4*b - 12. What are the prime factors of n(-39)?
2, 3, 59
Let u(c) = 779*c**2 - 36*c + 18. What are the prime factors of u(-5)?
103, 191
Let k(m) = -8*m**2 + 3*m - 4. Let g be k(1). Let z(v) = v**3 + 11*v**2 + 13*v - 12. What are the prime factors of z(g)?
3, 11
Let o = 8918 - 1124. What are the prime factors of o?
2, 3, 433
Let b = 1499 + -1021. Let x = b + 2. What are the prime factors of x?
2, 3, 5
Let z(s) = -11*s**3 - 4*s**2 - 4*s + 16. Let x be z(-10). Suppose -53*m = -44*m - x. What are the prime factors of m?
2, 37
Let j = 529 - -8149. List the prime factors of j.
2, 4339
Let y(t) = t**3 + 37*t**2 - 129*t - 26. What are the prime factors of y(-35)?
3, 257
Let q = -7377 - -30604. List the prime factors of q.
23227
Suppose s - 103 = 90. Suppose s = h + 5*p, 120 = h + p - 89. Suppose -2*a + 3*w - h = -5*a, 2*w = -5*a + 364. List the prime factors of a.
2, 37
Let o be (9 - 7)*3/(-2). Let b be (-3)/(-6)*-10 - o. What are the prime factors of (b - 2 - -25) + -4?
17
Suppose -4*y + 6*y + 4*p - 58 = 0, 3*p = -5*y + 138. Let d(r) = r**3 - 25*r**2 - 27*r - 69. What are the prime factors of d(y)?
2, 3, 5, 11
List the prime factors of 2/(-11) + (45/1485)/((-2)/(-311862)).
3, 5, 7
Let s(b) = -161*b + 10. Let i be ((3/(-2))/(2/4))/1. What are the prime factors of s(i)?
17, 29
What are the prime factors of 495482/76 - (-9)/(-18)?
3, 41, 53
Suppose 0 = 30*s - 324*s - 106*s + 17315200. What are the prime factors of s?
2, 7, 773
Let f be -44*213/(-21) - (-6)/(-21). Suppose -1166 = -4*n + f. Suppose 1033 = 14*r + n. List the prime factors of r.
3, 5
Let v(o) be the third derivative of o**6/120 + 3*o**5/10 - 25*o**4/24 + 19*o**3/2 - 16*o**2 - 2. What are the prime factors of v(-17)?
3, 257
Suppose -5583 - 7745 = -0*z - z. List the prime factors of z.
2, 7, 17
Let n = -12950 + 37028. What are the prime factors of n?
2, 3, 4013
Let g = 126 + -129. List the prime factors of g/((-126)/24 + 5).
2, 3
Suppose 433*f + 322*f = -34*f + 54111198. List the prime factors of f.
2, 53, 647
Suppose 215456 + 17232 = 16*k. What are the prime factors of k?
14543
Let u = 23 - 28. Let z(d) = -d**2 - 14*d + 1 + 0*d - d**2 - 4. List the prime factors of z(u).
17
Let a = 15016 - 6068. List the prime factors of a.
2, 2237
Suppose 47*v = 56*v + 1395. Let x = 144 + v. Let o(s) = -5*s - 39. List the prime factors of o(x).
2
Let i be -1 + 367 - (-34 - (-600)/24). Let g = 107 - 14. Suppose i = 2*h - g. What are the prime factors of h?
2, 3, 13
Let q = 79 - -93756. What are the prime factors of q?
5, 7, 383
Let y = 21 + -47. Let c = y - -133. Suppose -c = -6*o + 5*o. What are the prime factors of o?
107
Suppose -89*v = -77*v - 17088. Suppose -721 = p - v. What are the prime factors of p?
19, 37
Let u be (-20)/14*(-26 + (-3 - -1)). What are the prime factors of 1265 + 5/2*(-48)/u?
2, 631
Suppose -2*g - 36 = -2*v, -5*v = 4*g + 31 - 103. Suppose -8*s - 40 = -v*s. Suppose o - s*o + 356 = 0. List the prime factors of o.
89
Let g = 3576 + -2525. Suppose -667 = -2*r + 3*w, -5*r + g + 651 = 4*w. List the prime factors of r.
2, 13
Let n(b) be the second derivative of b**4/12 + 2*b**3 + 15*b**2/2 + 9*b. Let t be n(-12). Let k = t + -12. What are the prime factors of k?
3
Let h(x) be the second derivative of 11/6*x**3 + 5/4*x**4 + 1/20*x**5 - 28*x + 0 + 9*x**2. List the prime factors of h(-14).
2, 3, 5
Let i = -34 - -203. Suppose 42 = 2*c - 464. Let f = c - i. List the prime factors of f.
2, 3, 7
Suppose 0 = 34*r - 26*r. Suppose 2*j = -0*n + 5*n - 2195, r = 2*j + 10. What are the prime factors of n?
19, 23
Suppose -1260*k = -647*k - 643*k + 1939500. List the prime factors of k.
2, 3, 5, 431
Let u(z) = 307*z - 154. List the prime factors of u(47).
5, 571
Let z be 49 + -3 + (4 - 8). Suppose 6*p = -z - 6. Let a(k) = k**3 + 9*k**2 + 4*k - 14. List the prime factors of a(p).
2, 3
Suppose 4360 = -241*a + 232*a + 51070. List the prime factors of a.
2, 3, 5, 173
Suppose -28 = -4*t - 5*k, -14 = -9*t + 4*t - k. Suppose -u + 4*c = -5*u - 776, 4*u - t*c = -764. Let l = 342 + u. List the prime factors of l.
2, 3, 5
List the prime factors of ((-12)/(-7))/(185/259)*5475.
2, 3, 5, 73
Let m = 13674 - 5961. What are the prime factors of m?
3, 857
Let f(y) = 6*y - 39. Let c(s) = 7*s - 42. Let q(t) = 4*c(t) - 5*f(t). Let b(g) = g**2 + 7*g + 6. Let l be b(-6). List the prime factors of q(l).
3
Let o(n) = 172*n**2 + 9*n + 35. What are the prime factors of o(-5)?
2, 3, 5, 11, 13
Suppose 0 = -2*r - 6, 4*r = -6*f + 8*f - 14. List the prime factors of (-4)/(-8) + f/(-2) - -1111.
11, 101
Suppose 23*n = -597 - 438. Suppose 0 = -2*a + 6*a - 256. Let h = a - n. List the prime factors of h.
109
Let d(s) = -s**3 + 52*s**2 + 102*s + 529. What are the prime factors of d(52)?
19, 307
Suppose 7*r + 25*r - 108759 - 331977 = 0. List the prime factors of r.
3, 4591
Let l = 10978 + 10403. List the prime factors of l.
3, 7127
Let u = -33945 - -117012. List the prime factors of u.
3, 27689
Let a = 51 + -229. What are the prime factors of (10 + -2 - a) + 0 + -4?
2, 7, 13
Let b = -3057 - -9523. List the prime factors of b.
2, 53, 61
Let o be 3/4 + (-340)/(-80). Suppose 0*d + o*d = 25. Suppose 5*v - 2*a - 323 = 0, -5*a + 64 = d*v - 266. List the prime factors of v.
5, 13
Let o(c) = 25092*c**2 + 127*c - 125. List the prime factors of o(1).
2, 12547
Suppose 791*b = 245*b + 32728332. List the prime factors of b.
2, 17, 41, 43
Suppose 588809 = 60*m - 8851. What are the prime factors of m?
7, 1423
Let z(n) = 4*n**2 - 99*n - 27. Let d be z(25). List the prime factors of